[INFO] cloning repository https://github.com/friktor/git4telegram
[INFO] running `Command { std: "git" "-c" "credential.helper=" "-c" "credential.helper=/workspace/cargo-home/bin/git-credential-null" "clone" "--bare" "https://github.com/friktor/git4telegram" "/workspace/cache/git-repos/https%3A%2F%2Fgithub.com%2Ffriktor%2Fgit4telegram", kill_on_drop: false }`
[INFO] [stderr] Cloning into bare repository '/workspace/cache/git-repos/https%3A%2F%2Fgithub.com%2Ffriktor%2Fgit4telegram'...
[INFO] running `Command { std: "git" "rev-parse" "HEAD", kill_on_drop: false }`
[INFO] [stdout] 8d366bed7952a6b42d35e6ffc7d59ba85fdcdc48
[INFO] checking friktor/git4telegram against master#af3c6e733a40e671550e0f0f5aeecaa13772ba56 for pr-74989
[INFO] running `Command { std: "git" "clone" "/workspace/cache/git-repos/https%3A%2F%2Fgithub.com%2Ffriktor%2Fgit4telegram" "/workspace/builds/worker-14/source", kill_on_drop: false }`
[INFO] [stderr] Cloning into '/workspace/builds/worker-14/source'...
[INFO] [stderr] done.
[INFO] validating manifest of git repo https://github.com/friktor/git4telegram on toolchain af3c6e733a40e671550e0f0f5aeecaa13772ba56
[INFO] running `Command { std: "/workspace/cargo-home/bin/cargo" "+af3c6e733a40e671550e0f0f5aeecaa13772ba56" "read-manifest" "--manifest-path" "Cargo.toml", kill_on_drop: false }`
[INFO] started tweaking git repo https://github.com/friktor/git4telegram
[INFO] finished tweaking git repo https://github.com/friktor/git4telegram
[INFO] tweaked toml for git repo https://github.com/friktor/git4telegram written to /workspace/builds/worker-14/source/Cargo.toml
[INFO] crate git repo https://github.com/friktor/git4telegram already has a lockfile, it will not be regenerated
[INFO] running `Command { std: "/workspace/cargo-home/bin/cargo" "+af3c6e733a40e671550e0f0f5aeecaa13772ba56" "fetch" "--locked" "--manifest-path" "Cargo.toml", kill_on_drop: false }`
[INFO] [stderr] error: the lock file /workspace/builds/worker-14/source/Cargo.lock needs to be updated but --locked was passed to prevent this
[INFO] [stderr] If you want to try to generate the lock file without accessing the network, use the --offline flag.
[INFO] the lockfile is outdated, regenerating it
[INFO] running `Command { std: "/workspace/cargo-home/bin/cargo" "+af3c6e733a40e671550e0f0f5aeecaa13772ba56" "generate-lockfile" "--manifest-path" "Cargo.toml" "-Zno-index-update", kill_on_drop: false }`
[INFO] running `Command { std: "/workspace/cargo-home/bin/cargo" "+af3c6e733a40e671550e0f0f5aeecaa13772ba56" "fetch" "--locked" "--manifest-path" "Cargo.toml", kill_on_drop: false }`
[INFO] running `Command { std: "docker" "create" "-v" "/var/lib/crater-agent-workspace/builds/worker-14/target:/opt/rustwide/target:rw,Z" "-v" "/var/lib/crater-agent-workspace/builds/worker-14/source:/opt/rustwide/workdir:ro,Z" "-v" "/var/lib/crater-agent-workspace/cargo-home:/opt/rustwide/cargo-home:ro,Z" "-v" "/var/lib/crater-agent-workspace/rustup-home:/opt/rustwide/rustup-home:ro,Z" "-e" "SOURCE_DIR=/opt/rustwide/workdir" "-e" "CARGO_TARGET_DIR=/opt/rustwide/target" "-e" "CARGO_HOME=/opt/rustwide/cargo-home" "-e" "RUSTUP_HOME=/opt/rustwide/rustup-home" "-w" "/opt/rustwide/workdir" "-m" "1610612736" "--user" "0:0" "--network" "none" "rustops/crates-build-env@sha256:d92eaeed33fa75130ca1ee6c8a01d1ffb62bac859dfdfb3450e3e5d1c0146529" "/opt/rustwide/cargo-home/bin/cargo" "+af3c6e733a40e671550e0f0f5aeecaa13772ba56" "metadata" "--no-deps" "--format-version=1", kill_on_drop: false }`
[INFO] [stdout] 3c6194d15a4d2609ee2ec14e1bbd06684bc9286d6159e67e4e583e48b735c92f
[INFO] [stderr] WARNING: Your kernel does not support swap limit capabilities or the cgroup is not mounted. Memory limited without swap.
[INFO] running `Command { std: "docker" "start" "-a" "3c6194d15a4d2609ee2ec14e1bbd06684bc9286d6159e67e4e583e48b735c92f", kill_on_drop: false }`
[INFO] running `Command { std: "docker" "inspect" "3c6194d15a4d2609ee2ec14e1bbd06684bc9286d6159e67e4e583e48b735c92f", kill_on_drop: false }`
[INFO] running `Command { std: "docker" "rm" "-f" "3c6194d15a4d2609ee2ec14e1bbd06684bc9286d6159e67e4e583e48b735c92f", kill_on_drop: false }`
[INFO] [stdout] 3c6194d15a4d2609ee2ec14e1bbd06684bc9286d6159e67e4e583e48b735c92f
[INFO] running `Command { std: "docker" "create" "-v" "/var/lib/crater-agent-workspace/builds/worker-14/target:/opt/rustwide/target:rw,Z" "-v" "/var/lib/crater-agent-workspace/builds/worker-14/source:/opt/rustwide/workdir:ro,Z" "-v" "/var/lib/crater-agent-workspace/cargo-home:/opt/rustwide/cargo-home:ro,Z" "-v" "/var/lib/crater-agent-workspace/rustup-home:/opt/rustwide/rustup-home:ro,Z" "-e" "SOURCE_DIR=/opt/rustwide/workdir" "-e" "CARGO_TARGET_DIR=/opt/rustwide/target" "-e" "CARGO_INCREMENTAL=0" "-e" "RUST_BACKTRACE=full" "-e" "RUSTFLAGS=--cap-lints=forbid" "-e" "CARGO_HOME=/opt/rustwide/cargo-home" "-e" "RUSTUP_HOME=/opt/rustwide/rustup-home" "-w" "/opt/rustwide/workdir" "-m" "1610612736" "--user" "0:0" "--network" "none" "rustops/crates-build-env@sha256:d92eaeed33fa75130ca1ee6c8a01d1ffb62bac859dfdfb3450e3e5d1c0146529" "/opt/rustwide/cargo-home/bin/cargo" "+af3c6e733a40e671550e0f0f5aeecaa13772ba56" "check" "--frozen" "--all" "--all-targets" "--message-format=json", kill_on_drop: false }`
[INFO] [stderr] WARNING: Your kernel does not support swap limit capabilities or the cgroup is not mounted. Memory limited without swap.
[INFO] [stdout] 49b5cb8647268f4e5623262c9ad3816ab75ffc46ab2d608abfd12ea02a79dabb
[INFO] running `Command { std: "docker" "start" "-a" "49b5cb8647268f4e5623262c9ad3816ab75ffc46ab2d608abfd12ea02a79dabb", kill_on_drop: false }`
[INFO] [stderr]    Compiling libc v0.2.77
[INFO] [stderr]     Checking cfg-if v0.1.10
[INFO] [stderr]    Compiling unicode-xid v0.2.1
[INFO] [stderr]     Checking lazy_static v1.4.0
[INFO] [stderr]    Compiling memchr v2.3.3
[INFO] [stderr]     Checking rand_core v0.4.2
[INFO] [stderr]     Checking futures-core v0.3.5
[INFO] [stderr]     Checking slab v0.4.2
[INFO] [stderr]     Checking bytes v0.5.6
[INFO] [stderr]     Checking futures-sink v0.3.5
[INFO] [stderr]     Checking fnv v1.0.7
[INFO] [stderr]    Compiling proc-macro-nested v0.1.6
[INFO] [stderr]    Compiling siphasher v0.2.3
[INFO] [stderr]     Checking itoa v0.4.6
[INFO] [stderr]    Compiling bitflags v1.2.1
[INFO] [stderr]     Checking pin-project-lite v0.1.7
[INFO] [stderr]     Checking futures-io v0.3.5
[INFO] [stderr]     Checking pin-utils v0.1.0
[INFO] [stderr]     Checking foreign-types-shared v0.1.1
[INFO] [stderr]    Compiling openssl v0.10.30
[INFO] [stderr]    Compiling native-tls v0.2.4
[INFO] [stderr]    Compiling httparse v1.3.4
[INFO] [stderr]    Compiling ryu v1.0.5
[INFO] [stderr]    Compiling serde_json v1.0.57
[INFO] [stderr]     Checking openssl-probe v0.1.2
[INFO] [stderr]     Checking try-lock v0.2.3
[INFO] [stderr]     Checking tower-service v0.3.0
[INFO] [stderr]     Checking regex-syntax v0.6.18
[INFO] [stderr]    Compiling num-traits v0.2.12
[INFO] [stderr]    Compiling rand_pcg v0.1.2
[INFO] [stderr]    Compiling rand_chacha v0.1.1
[INFO] [stderr]    Compiling rand v0.6.5
[INFO] [stderr]    Compiling openssl-sys v0.9.58
[INFO] [stderr]     Checking tracing-core v0.1.16
[INFO] [stderr]     Checking thread_local v1.0.1
[INFO] [stderr]     Checking futures-channel v0.3.5
[INFO] [stderr]     Checking rand_core v0.3.1
[INFO] [stderr]     Checking rand_jitter v0.1.4
[INFO] [stderr]     Checking foreign-types v0.3.2
[INFO] [stderr]    Compiling proc-macro2 v1.0.21
[INFO] [stderr]     Checking log v0.4.11
[INFO] [stderr]     Checking rand_isaac v0.1.1
[INFO] [stderr]     Checking rand_xorshift v0.1.1
[INFO] [stderr]     Checking rand_hc v0.1.0
[INFO] [stderr]     Checking http v0.2.1
[INFO] [stderr]    Compiling phf_shared v0.7.24
[INFO] [stderr]     Checking log v0.3.9
[INFO] [stderr]     Checking want v0.3.0
[INFO] [stderr]     Checking phf v0.7.24
[INFO] [stderr]     Checking mime v0.2.6
[INFO] [stderr]     Checking aho-corasick v0.7.13
[INFO] [stderr]    Compiling quote v1.0.7
[INFO] [stderr]     Checking iovec v0.1.4
[INFO] [stderr]     Checking net2 v0.2.35
[INFO] [stderr]     Checking getrandom v0.1.15
[INFO] [stderr]     Checking time v0.1.44
[INFO] [stderr]     Checking socket2 v0.3.15
[INFO] [stderr]     Checking rand_os v0.1.3
[INFO] [stderr]    Compiling syn v1.0.40
[INFO] [stderr]     Checking mio v0.6.22
[INFO] [stderr]     Checking rand_core v0.5.1
[INFO] [stderr]     Checking rand_chacha v0.2.2
[INFO] [stderr]     Checking ordered-float v1.1.0
[INFO] [stderr]     Checking rand v0.7.3
[INFO] [stderr]    Compiling phf_generator v0.7.24
[INFO] [stderr]     Checking tokio v0.2.22
[INFO] [stderr]     Checking regex v1.3.9
[INFO] [stderr]    Compiling phf_codegen v0.7.24
[INFO] [stderr]     Checking http-body v0.3.1
[INFO] [stderr]    Compiling mime_guess v1.8.8
[INFO] [stderr]     Checking tempfile v3.1.0
[INFO] [stderr]     Checking multipart v0.16.1
[INFO] [stderr]     Checking tokio-util v0.3.1
[INFO] [stderr]     Checking tokio-tls v0.3.1
[INFO] [stderr]    Compiling pin-project-internal v0.4.23
[INFO] [stderr]    Compiling futures-macro v0.3.5
[INFO] [stderr]    Compiling tracing-attributes v0.1.11
[INFO] [stderr]    Compiling serde_derive v1.0.116
[INFO] [stderr]     Checking tracing v0.1.19
[INFO] [stderr]     Checking pin-project v0.4.23
[INFO] [stderr]     Checking futures-util v0.3.5
[INFO] [stderr]     Checking tracing-futures v0.2.4
[INFO] [stderr]     Checking serde v1.0.116
[INFO] [stderr]     Checking h2 v0.2.6
[INFO] [stderr]     Checking futures-executor v0.3.5
[INFO] [stderr]     Checking futures v0.3.5
[INFO] [stderr]     Checking serde-value v0.5.3
[INFO] [stderr]     Checking telegram-bot-raw v0.7.0
[INFO] [stderr]     Checking hyper v0.13.7
[INFO] [stderr]     Checking hyper-tls v0.4.3
[INFO] [stderr]     Checking telegram-bot v0.7.0
[INFO] [stderr]     Checking gitBotTelegram v0.1.0 (/opt/rustwide/workdir)
[INFO] [stdout] error[E0433]: failed to resolve: use of undeclared type or module `ListeningMethod`
[INFO] [stdout]    --> src/main.rs:160:30
[INFO] [stdout]     |
[INFO] [stdout] 160 |   let mut bot = api.listener(ListeningMethod::LongPoll(None));
[INFO] [stdout]     |                              ^^^^^^^^^^^^^^^ use of undeclared type or module `ListeningMethod`
[INFO] [stdout] 
[INFO] [stdout] 
[INFO] [stdout] error[E0433]: failed to resolve: use of undeclared type or module `MessageType`
[INFO] [stdout]    --> src/main.rs:172:11
[INFO] [stdout]     |
[INFO] [stdout] 172 |           MessageType::Text(text) => handle_request_message(&git, &api, &chat_id, text),
[INFO] [stdout]     |           ^^^^^^^^^^^ use of undeclared type or module `MessageType`
[INFO] [stdout] 
[INFO] [stdout] 
[INFO] [stdout] error[E0433]: failed to resolve: use of undeclared type or module `ListeningAction`
[INFO] [stdout]    --> src/main.rs:180:8
[INFO] [stdout]     |
[INFO] [stdout] 180 |     Ok(ListeningAction::Continue)
[INFO] [stdout]     |        ^^^^^^^^^^^^^^^ use of undeclared type or module `ListeningAction`
[INFO] [stdout] 
[INFO] [stdout] 
[INFO] [stdout] error[E0433]: failed to resolve: use of undeclared type or module `ListeningMethod`
[INFO] [stdout]    --> src/main.rs:160:30
[INFO] [stdout]     |
[INFO] [stdout] 160 |   let mut bot = api.listener(ListeningMethod::LongPoll(None));
[INFO] [stdout]     |                              ^^^^^^^^^^^^^^^ use of undeclared type or module `ListeningMethod`
[INFO] [stdout] 
[INFO] [stdout] 
[INFO] [stdout] error[E0433]: failed to resolve: use of undeclared type or module `MessageType`
[INFO] [stdout]    --> src/main.rs:172:11
[INFO] [stdout]     |
[INFO] [stdout] 172 |           MessageType::Text(text) => handle_request_message(&git, &api, &chat_id, text),
[INFO] [stdout]     |           ^^^^^^^^^^^ use of undeclared type or module `MessageType`
[INFO] [stdout] 
[INFO] [stdout] 
[INFO] [stdout] error[E0433]: failed to resolve: use of undeclared type or module `ListeningAction`
[INFO] [stdout]    --> src/main.rs:180:8
[INFO] [stdout]     |
[INFO] [stdout] 180 |     Ok(ListeningAction::Continue)
[INFO] [stdout]     |        ^^^^^^^^^^^^^^^ use of undeclared type or module `ListeningAction`
[INFO] [stdout] 
[INFO] [stdout] 
[INFO] [stdout] error[E0599]: no method named `send_message` found for reference `&telegram_bot::Api` in the current scope
[INFO] [stdout]   --> src/main.rs:87:13
[INFO] [stdout]    |
[INFO] [stdout] 87 |   match api.send_message(chat_id, message_text_commits, None, None, None, None) {
[INFO] [stdout]    |             ^^^^^^^^^^^^ method not found in `&telegram_bot::Api`
[INFO] [stdout] 
[INFO] [stdout] 
[INFO] [stdout] error[E0599]: no method named `send_message` found for reference `&telegram_bot::Api` in the current scope
[INFO] [stdout]    --> src/main.rs:131:15
[INFO] [stdout]     |
[INFO] [stdout] 131 |     match api.send_message(
[INFO] [stdout]     |               ^^^^^^^^^^^^ method not found in `&telegram_bot::Api`
[INFO] [stdout] 
[INFO] [stdout] 
[INFO] [stdout] error[E0599]: no function or associated item named `from_env` found for struct `telegram_bot::Api` in the current scope
[INFO] [stdout]    --> src/main.rs:157:18
[INFO] [stdout]     |
[INFO] [stdout] 157 |   let api = Api::from_env("TELEGRAM_BOT_TOKEN").unwrap();
[INFO] [stdout]     |                  ^^^^^^^^ function or associated item not found in `telegram_bot::Api`
[INFO] [stdout] 
[INFO] [stdout] 
[INFO] [stdout] error: aborting due to 6 previous errors
[INFO] [stdout] 
[INFO] [stdout] 
[INFO] [stdout] Some errors have detailed explanations: E0433, E0599.
[INFO] [stdout] 
[INFO] [stdout] For more information about an error, try `rustc --explain E0433`.
[INFO] [stdout] 
[INFO] [stderr] error: could not compile `gitBotTelegram`.
[INFO] [stderr] 
[INFO] [stderr] To learn more, run the command again with --verbose.
[INFO] [stderr] warning: build failed, waiting for other jobs to finish...
[INFO] [stdout] error[E0599]: no method named `send_message` found for reference `&telegram_bot::Api` in the current scope
[INFO] [stdout]   --> src/main.rs:87:13
[INFO] [stdout]    |
[INFO] [stdout] 87 |   match api.send_message(chat_id, message_text_commits, None, None, None, None) {
[INFO] [stdout]    |             ^^^^^^^^^^^^ method not found in `&telegram_bot::Api`
[INFO] [stdout] 
[INFO] [stdout] 
[INFO] [stdout] error[E0599]: no method named `send_message` found for reference `&telegram_bot::Api` in the current scope
[INFO] [stdout]    --> src/main.rs:131:15
[INFO] [stdout]     |
[INFO] [stdout] 131 |     match api.send_message(
[INFO] [stdout]     |               ^^^^^^^^^^^^ method not found in `&telegram_bot::Api`
[INFO] [stdout] 
[INFO] [stdout] 
[INFO] [stdout] error[E0599]: no function or associated item named `from_env` found for struct `telegram_bot::Api` in the current scope
[INFO] [stdout]    --> src/main.rs:157:18
[INFO] [stdout]     |
[INFO] [stdout] 157 |   let api = Api::from_env("TELEGRAM_BOT_TOKEN").unwrap();
[INFO] [stdout]     |                  ^^^^^^^^ function or associated item not found in `telegram_bot::Api`
[INFO] [stdout] 
[INFO] [stdout] 
[INFO] [stdout] error: aborting due to 6 previous errors
[INFO] [stdout] 
[INFO] [stdout] 
[INFO] [stdout] Some errors have detailed explanations: E0433, E0599.
[INFO] [stdout] 
[INFO] [stdout] For more information about an error, try `rustc --explain E0433`.
[INFO] [stdout] 
[INFO] [stderr] error: build failed
[INFO] running `Command { std: "docker" "inspect" "49b5cb8647268f4e5623262c9ad3816ab75ffc46ab2d608abfd12ea02a79dabb", kill_on_drop: false }`
[INFO] running `Command { std: "docker" "rm" "-f" "49b5cb8647268f4e5623262c9ad3816ab75ffc46ab2d608abfd12ea02a79dabb", kill_on_drop: false }`
[INFO] [stdout] 49b5cb8647268f4e5623262c9ad3816ab75ffc46ab2d608abfd12ea02a79dabb
